{"id":46,"date":"2013-10-16T20:07:29","date_gmt":"2013-10-16T18:07:29","guid":{"rendered":"http:\/\/www.lachmayer.eu\/?page_id=46"},"modified":"2021-09-17T15:23:11","modified_gmt":"2021-09-17T13:23:11","slug":"cv-2","status":"publish","type":"page","link":"https:\/\/www.lachmayer.eu\/de\/cv-2\/","title":{"rendered":"Lebenslauf"},"content":{"rendered":"<p><strong style=\"font-size: 1.17em;\">Ausbildung<\/strong><\/p>\n<p>2011\u00a0 \u00a0Zertifikationskurs \u201eSystemisch F\u00fchren in Unternehmen mit \u00d6ffentlichen Aufgaben\u201c Postgraduate Center, Universit\u00e4t Wien<\/p>\n<p>2010\u00a0 \u00a0Habilitation, Verleihung der Lehrbefugnis f\u00fcr Verfassungsrecht, Verwaltungsrecht und Europarecht<br \/>\nHabilitationsschrift: \u201eEntwicklungen im \u00f6sterreichischen und europ\u00e4ischen Polizeirecht. Sicherheits- und Kriminalpolizeirecht im Gef\u00fcge des Rechtsstaats\u201c)<\/p>\n<p>2004\u00a0 \u00a0Human Rights Course, Summer School, EUI Florenz<\/p>\n<p>2003-2004\u00a0 \u00a0Unterschiedliche Kurse zu eLearning und Didaktik an der Universit\u00e4t Wien<\/p>\n<p>2000-2002\u00a0 \u00a0Doktoratsstudium der Rechtswissenschaften an der Universit\u00e4t Wien<br \/>\nAbschluss zum Dr. iur. mit Auszeichnung (\u201eBeir\u00e4te in der \u00f6sterreichischen Bundesverwaltung\u201c)<\/p>\n<p><span style=\"font-size: 1em;\">1996-2000\u00a0 \u00a0Studium der Rechtswissenschaften an der Universit\u00e4t Wien<\/span><\/p>\n<p>&nbsp;<\/p>\n<h3><strong> Berufliche Erfahrung<\/strong><\/h3>\n<p>seit 2017\u00a0 Univ.-Prof. an der Sigmund Freud Privatuniversit\u00e4t in Wien<\/p>\n<p>2014-2016 \u00a0 Research Fellow, Durham Law School (UK)<\/p>\n<p>2013-2016\u00a0\u00a0\u00a0<span style=\"font-size: 1em;\">Wissenschaftlicher Rat am Institut f\u00fcr Rechtswissenschaften an der Ungarischen Akademie f\u00fcr Wissenschaften<\/span><\/p>\n<p>2013\u00a0 \u00a0Vaterkarenz<\/p>\n<p>2012\u00a0 \u00a0DAAD-Stipendium, Europa-Kolleg, Hamburg<\/p>\n<p>2012-2017\u00a0 Selbstst\u00e4ndiger Wissenschafter<\/p>\n<p>2011-2011\u00a0\u00a0\u00a0Forschungsaufenthalt an der Central European University, Budapest (HU)<\/p>\n<p><span style=\"font-size: 1em;\">seit 2010\u00a0 \u00a0Privatdozent am Institut f\u00fcr Staats- und Verwaltungsrecht der Universit\u00e4t Wien<\/span><\/p>\n<p>2009-2010\u00a0 \u00a0Vaterkarenz<\/p>\n<p>2008\u00a0\u00a0\u00a0\u00a0\u00a0\u00a0\u00a0\u00a0\u00a0\u00a0\u00a0\u00a0 Forschungsaufenthalt am Max-Planck-Institut f\u00fcr ausl\u00e4ndisches \u00f6ffentliches Recht und V\u00f6lkerrecht in Heidelberg (D)<\/p>\n<p>2007-2008\u00a0\u00a0\u00a0Forschungsaufenthalt an der University of Cambridge (GB) \u2013 Faculty Visitor; Visiting Scholarship Wolfson College<\/p>\n<p>2002-2003\u00a0\u00a0\u00a0Juristischer Mitarbeiter in der Rechtsabteilung des Kuratoriums f\u00fcr Verkehrssicherheit<\/p>\n<p>2000-2012\u00a0\u00a0\u00a0Vertrags- und Universit\u00e4tsassistent am Institut f\u00fcr Staats- und Verwaltungsrecht der Universit\u00e4t Wien, Prof. Bernd-Christian Funk<\/p>\n<p>2014-2017\u00a0 Research Fellow, Durham Law School (UK)<\/p>\n<p>2017 &#8211;\u00a0 \u00a0\u00a0\u00a0\u00a0\u00a0\u00a0\u00a0 Univ.-Prof. an der Fakult\u00e4t f\u00fcr Rechtswissenschaften der Sigmund Freud PrivatUniversit\u00e4t Wien<\/p>\n<p>2018-2020\u00a0 Visiting Fellow, Durham Law School (UK)<\/p>\n<p>2018 &#8211;\u00a0\u00a0\u00a0\u00a0\u00a0\u00a0\u00a0\u00a0\u00a0 Vizedekan f\u00fcr Forschung an der Fakult\u00e4t f\u00fcr Rechtswissenschaften der Sigmund Freud PrivatUniversit\u00e4t Wien<\/p>\n<p>&nbsp;<\/p>\n<p><strong style=\"font-size: 1.17em;\">Preise, Auszeichnungen, Stipendien<\/strong><\/p>\n<p>2013\u00a0 \u00a0Lehre<sup>n<\/sup>\u00a0Lecturer f\u00fcr international Impulse, Universit\u00e4t Hamburg<\/p>\n<p>2012\u00a0 \u00a0DAAD-Stipendium, Europa-Kolleg, Hamburg<\/p>\n<p>2010\u00a0\u00a0\u00a0Forschungsstipendium f\u00fcr Mittel- und Osteurop\u00e4ische L\u00e4nder (MOEL) der \u00d6FG f\u00fcr ein Forschungsprojekt zur Verfasssungsvergleichung in Verfassungsreformprozessen<\/p>\n<p>2008\u00a0\u00a0\u00a0Life-Long-Learning Award f\u00fcr das beste ERASMUS Programm \u00d6sterreichs f\u00fcr die Organisation der NICLAS Summer School<\/p>\n<p>2008\u00a0\u00a0\u00a0Zuerkennung eines DAAD-Stipendiums (wegen Unvereinbarkeit mit dem Humboldt-Stipendium nicht angetreten) f\u00fcr einen Deutschlandaufenthalt im Rahmen des Habilitationsprojekts<\/p>\n<p>2008\u00a0\u00a0\u00a0Forschungsstipendium der Alexander von Humboldt Stiftung f\u00fcr erfahrene Wissenschafter f\u00fcr einen Deutschlandaufenthalt im Rahmen des Habilitationsprojekts<\/p>\n<p>2007\u00a0\u00a0\u00a0Preis des Theodor-K\u00f6rner Fonds f\u00fcr das Habilitationsprojekt<\/p>\n<p>2007\u00a0\u00a0\u00a0F\u00f6rderpreis der Juristischen Bl\u00e4tter f\u00fcr einen Beitrag \u00fcber \u201eAusgliederungen und Beleihungen im Spannungsfeld der Verfassung\u201c<\/p>\n<p>1996-2000\u00a0\u00a0\u00a0F\u00fcnf Leistungsstipendien im Laufe des rechtswissenschaftlichen Studiums<\/p>\n<p>&nbsp;<\/p>\n","protected":false},"excerpt":{"rendered":"<p>Ausbildung 2011\u00a0 \u00a0Zertifikationskurs \u201eSystemisch F\u00fchren in Unternehmen mit \u00d6ffentlichen Aufgaben\u201c Postgraduate Center, Universit\u00e4t Wien 2010\u00a0 \u00a0Habilitation, Verleihung der Lehrbefugnis f\u00fcr Verfassungsrecht, Verwaltungsrecht und Europarecht Habilitationsschrift: &hellip;<\/p>\n","protected":false},"author":1,"featured_media":0,"parent":0,"menu_order":0,"comment_status":"closed","ping_status":"closed","template":"","meta":{"footnotes":""},"class_list":["post-46","page","type-page","status-publish","hentry"],"_links":{"self":[{"href":"https:\/\/www.lachmayer.eu\/de\/wp-json\/wp\/v2\/pages\/46","targetHints":{"allow":["GET"]}}],"collection":[{"href":"https:\/\/www.lachmayer.eu\/de\/wp-json\/wp\/v2\/pages"}],"about":[{"href":"https:\/\/www.lachmayer.eu\/de\/wp-json\/wp\/v2\/types\/page"}],"author":[{"embeddable":true,"href":"https:\/\/www.lachmayer.eu\/de\/wp-json\/wp\/v2\/users\/1"}],"replies":[{"embeddable":true,"href":"https:\/\/www.lachmayer.eu\/de\/wp-json\/wp\/v2\/comments?post=46"}],"version-history":[{"count":0,"href":"https:\/\/www.lachmayer.eu\/de\/wp-json\/wp\/v2\/pages\/46\/revisions"}],"wp:attachment":[{"href":"https:\/\/www.lachmayer.eu\/de\/wp-json\/wp\/v2\/media?parent=46"}],"curies":[{"name":"wp","href":"https:\/\/api.w.org\/{rel}","templated":true}]}}

<p><strong style="font-size: 1.17em;">Ausbildung</strong></p>
<p>2011   Zertifikationskurs „Systemisch Führen in Unternehmen mit Öffentlichen Aufgaben“ Postgraduate Center, Universität Wien</p>
<p>2010   Habilitation, Verleihung der Lehrbefugnis für Verfassungsrecht, Verwaltungsrecht und Europarecht<br />
Habilitationsschrift: „Entwicklungen im österreichischen und europäischen Polizeirecht. Sicherheits- und Kriminalpolizeirecht im Gefüge des Rechtsstaats“)</p>
<p>2004   Human Rights Course, Summer School, EUI Florenz</p>
<p>2003-2004   Unterschiedliche Kurse zu eLearning und Didaktik an der Universität Wien</p>
<p>2000-2002   Doktoratsstudium der Rechtswissenschaften an der Universität Wien<br />
Abschluss zum Dr. iur. mit Auszeichnung („Beiräte in der österreichischen Bundesverwaltung“)</p>
<p><span style="font-size: 1em;">1996-2000   Studium der Rechtswissenschaften an der Universität Wien</span></p>
<p>&nbsp;</p>
<h3><strong> Berufliche Erfahrung</strong></h3>
<p>seit 2017  Univ.-Prof. an der Sigmund Freud Privatuniversität in Wien</p>
<p>2014-2016   Research Fellow, Durham Law School (UK)</p>
<p>2013-2016   <span style="font-size: 1em;">Wissenschaftlicher Rat am Institut für Rechtswissenschaften an der Ungarischen Akademie für Wissenschaften</span></p>
<p>2013   Vaterkarenz</p>
<p>2012   DAAD-Stipendium, Europa-Kolleg, Hamburg</p>
<p>2012-2017  Selbstständiger Wissenschafter</p>
<p>2011-2011   Forschungsaufenthalt an der Central European University, Budapest (HU)</p>
<p><span style="font-size: 1em;">seit 2010   Privatdozent am Institut für Staats- und Verwaltungsrecht der Universität Wien</span></p>
<p>2009-2010   Vaterkarenz</p>
<p>2008             Forschungsaufenthalt am Max-Planck-Institut für ausländisches öffentliches Recht und Völkerrecht in Heidelberg (D)</p>
<p>2007-2008   Forschungsaufenthalt an der University of Cambridge (GB) – Faculty Visitor; Visiting Scholarship Wolfson College</p>
<p>2002-2003   Juristischer Mitarbeiter in der Rechtsabteilung des Kuratoriums für Verkehrssicherheit</p>
<p>2000-2012   Vertrags- und Universitätsassistent am Institut für Staats- und Verwaltungsrecht der Universität Wien, Prof. Bernd-Christian Funk</p>
<p>2014-2017  Research Fellow, Durham Law School (UK)</p>
<p>2017 &#8211;          Univ.-Prof. an der Fakultät für Rechtswissenschaften der Sigmund Freud PrivatUniversität Wien</p>
<p>2018-2020  Visiting Fellow, Durham Law School (UK)</p>
<p>2018 &#8211;          Vizedekan für Forschung an der Fakultät für Rechtswissenschaften der Sigmund Freud PrivatUniversität Wien</p>
<p>&nbsp;</p>
<p><strong style="font-size: 1.17em;">Preise, Auszeichnungen, Stipendien</strong></p>
<p>2013   Lehre<sup>n</sup> Lecturer für international Impulse, Universität Hamburg</p>
<p>2012   DAAD-Stipendium, Europa-Kolleg, Hamburg</p>
<p>2010   Forschungsstipendium für Mittel- und Osteuropäische Länder (MOEL) der ÖFG für ein Forschungsprojekt zur Verfasssungsvergleichung in Verfassungsreformprozessen</p>
<p>2008   Life-Long-Learning Award für das beste ERASMUS Programm Österreichs für die Organisation der NICLAS Summer School</p>
<p>2008   Zuerkennung eines DAAD-Stipendiums (wegen Unvereinbarkeit mit dem Humboldt-Stipendium nicht angetreten) für einen Deutschlandaufenthalt im Rahmen des Habilitationsprojekts</p>
<p>2008   Forschungsstipendium der Alexander von Humboldt Stiftung für erfahrene Wissenschafter für einen Deutschlandaufenthalt im Rahmen des Habilitationsprojekts</p>
<p>2007   Preis des Theodor-Körner Fonds für das Habilitationsprojekt</p>
<p>2007   Förderpreis der Juristischen Blätter für einen Beitrag über „Ausgliederungen und Beleihungen im Spannungsfeld der Verfassung“</p>
<p>1996-2000   Fünf Leistungsstipendien im Laufe des rechtswissenschaftlichen Studiums</p>
<p>&nbsp;</p>

<p>Ausbildung 2011   Zertifikationskurs „Systemisch Führen in Unternehmen mit Öffentlichen Aufgaben“ Postgraduate Center, Universität Wien 2010   Habilitation, Verleihung der Lehrbefugnis für Verfassungsrecht, Verwaltungsrecht und Europarecht Habilitationsschrift: &hellip;</p>
